{"id":1845,"date":"2025-04-22T15:13:36","date_gmt":"2025-04-22T13:13:36","guid":{"rendered":"http:\/\/wordpress.p662293.webspaceconfig.de\/?page_id=1845"},"modified":"2026-04-14T15:11:43","modified_gmt":"2026-04-14T13:11:43","slug":"download","status":"publish","type":"page","link":"https:\/\/august-kayser-stiftung.de\/index.php\/download\/","title":{"rendered":"Downloads"},"content":{"rendered":"\t\t<div data-elementor-type=\"wp-page\" data-elementor-id=\"1845\" class=\"elementor elementor-1845\" data-elementor-post-type=\"page\">\n\t\t\t\t<div class=\"elementor-element elementor-element-2c7849a e-flex e-con-boxed e-con e-parent\" data-id=\"2c7849a\" data-element_type=\"container\">\n\t\t\t\t\t<div class=\"e-con-inner\">\n\t\t\t\t<div class=\"elementor-element elementor-element-c633e83 elementor-widget elementor-widget-heading\" data-id=\"c633e83\" data-element_type=\"widget\" data-widget_type=\"heading.default\">\n\t\t\t\t<div class=\"elementor-widget-container\">\n\t\t\t\t\t<h2 class=\"elementor-heading-title elementor-size-default\">Downloads<\/h2>\t\t\t\t<\/div>\n\t\t\t\t<\/div>\n\t\t\t\t\t<\/div>\n\t\t\t\t<\/div>\n\t\t<div class=\"elementor-element elementor-element-34c9533 e-flex e-con-boxed e-con e-parent\" data-id=\"34c9533\" data-element_type=\"container\">\n\t\t\t\t\t<div class=\"e-con-inner\">\n\t\t\t\t<div class=\"elementor-element elementor-element-8751003 elementor-widget elementor-widget-heading\" data-id=\"8751003\" data-element_type=\"widget\" data-widget_type=\"heading.default\">\n\t\t\t\t<div class=\"elementor-widget-container\">\n\t\t\t\t\t<h2 class=\"elementor-heading-title elementor-size-default\">Preise<\/h2>\t\t\t\t<\/div>\n\t\t\t\t<\/div>\n\t\t\t\t\t<\/div>\n\t\t\t\t<\/div>\n\t\t<div class=\"elementor-element elementor-element-bbf6347 e-flex e-con-boxed e-con e-parent\" data-id=\"bbf6347\" data-element_type=\"container\">\n\t\t\t\t\t<div class=\"e-con-inner\">\n\t\t\t\t<div class=\"elementor-element elementor-element-f17dce8 elementor-widget elementor-widget-text-editor\" data-id=\"f17dce8\" data-element_type=\"widget\" data-widget_type=\"text-editor.default\">\n\t\t\t\t<div class=\"elementor-widget-container\">\n\t\t\t\t\t\t\t\t\t<p><strong>Neue Entgeltbestandteile des Pflegesatzes ab 01.04.2026<\/strong><\/p><p>Vollstation\u00e4re Pflege Monatss\u00e4tze bei 30,42 Tagen<\/p><table width=\"300\"><tbody><tr><td><p>Pflegeklasse<\/p><\/td><td><p>Pflegeverg\u00fctung<\/p><\/td><td><p>Ausbildungs-<br \/>umlage<\/p><\/td><td><p>Pflegev. plus AU<\/p><\/td><td><p>EEE enth. in Pflegev. plus AU<\/p><\/td><\/tr><tr><td>\u00a0<\/td><td><p>EUR<\/p><\/td><td><p>EUR<\/p><\/td><td><p>EUR<\/p><\/td><td><p>EUR<\/p><\/td><\/tr><tr><td><p>PG 1<\/p><\/td><td><p>2.091,98<\/p><\/td><td><p>164,27<\/p><\/td><td><p>2.256,25<\/p><\/td><td><p>1.766,49<\/p><\/td><\/tr><tr><td><p>PG 2<\/p><\/td><td><p>2.571,40<\/p><\/td><td><p>164,27<\/p><\/td><td><p>2.735,67<\/p><\/td><td><p>1.766,49<\/p><\/td><\/tr><tr><td><p>PG 3<\/p><\/td><td><p>3.085,50<\/p><\/td><td><p>164,27<\/p><\/td><td><p>3.249,77<\/p><\/td><td><p>1.766,49<\/p><\/td><\/tr><tr><td><p>PG 4<\/p><\/td><td><p>3.621,50<\/p><\/td><td><p>164,27<\/p><\/td><td><p>3.785,77<\/p><\/td><td><p>1.766,49<\/p><\/td><\/tr><tr><td><p>PG 5<\/p><\/td><td><p>3.862,43<\/p><\/td><td><p>164,27<\/p><\/td><td><p>4.026,70<\/p><\/td><td><p>1.766,49<\/p><\/td><\/tr><tr><td>\u00a0<\/td><td>\u00a0<\/td><td>\u00a0<\/td><td>\u00a0<\/td><td>\u00a0<\/td><\/tr><\/tbody><\/table><table width=\"342\"><tbody><tr><td><p>Entgelt f\u00fcr Unterkunft<\/p><\/td><td><p>Entgelt f\u00fcr Verpflegung<\/p><\/td><td><p>Investitions-<\/p><p>kostenanteil<\/p><p>EZ<\/p><\/td><td><p>Investitions-<\/p><p>kostenanteil<\/p><p>DZ<\/p><\/td><\/tr><tr><td><p>EUR<\/p><\/td><td><p>\u00a0EUR<\/p><\/td><td><p>EUR<\/p><\/td><td><p>EUR<\/p><\/td><\/tr><tr><td><p>625,13<\/p><\/td><td><p>511,66<\/p><\/td><td><p>402,15<\/p><\/td><td><p>268,00<\/p><\/td><\/tr><tr><td><p>625,13<\/p><\/td><td><p>511,66<\/p><\/td><td><p>402,15<\/p><\/td><td><p>268,00<\/p><\/td><\/tr><tr><td><p>625,13<\/p><\/td><td><p>511,66<\/p><\/td><td><p>402,15<\/p><\/td><td><p>268,00<\/p><\/td><\/tr><tr><td><p>625,13<\/p><\/td><td><p>511,66<\/p><\/td><td><p>402,15<\/p><\/td><td><p>268,00<\/p><\/td><\/tr><tr><td><p>625,13<\/p><\/td><td><p>511,66<\/p><\/td><td><p>402,15<\/p><\/td><td><p>268,00<\/p><\/td><\/tr><\/tbody><\/table><table width=\"500\"><tbody><tr><td width=\"89\"><p>Heimentgelt<\/p><p>Gesamt<\/p><p>EZ<\/p><\/td><td width=\"89\"><p>Heimentgelt<\/p><p>Gesamt<\/p><p>DZ\u00a0<\/p><\/td><td width=\"114\"><p>Leistungsbetrag der Pflegekasse<\/p><\/td><td width=\"105\"><p>Eigenanteil d. Bewohners<\/p><p>EZ<\/p><\/td><td width=\"104\"><p>Eigenanteil d. Bewohners<\/p><p>DZ<\/p><\/td><\/tr><tr><td width=\"89\"><p>EUR<\/p><\/td><td width=\"89\"><p>EUR<\/p><\/td><td width=\"114\"><p>EUR<\/p><\/td><td width=\"105\"><p>EUR<\/p><\/td><td width=\"104\"><p>EUR<\/p><\/td><\/tr><tr><td width=\"89\"><p>3.795,20<\/p><\/td><td width=\"89\"><p>3.661,05<\/p><\/td><td width=\"114\"><p>\u00a0 131,00<\/p><\/td><td width=\"105\"><p>3.664,20<\/p><\/td><td width=\"104\"><p>3.530,05<\/p><\/td><\/tr><tr><td width=\"89\"><p>4.274,62<\/p><\/td><td width=\"89\"><p>4.140,47<\/p><\/td><td width=\"114\"><p>\u00a0\u00a0 805,00<\/p><\/td><td width=\"105\"><p>3.469,62<\/p><\/td><td width=\"104\"><p>3.335,47<\/p><\/td><\/tr><tr><td width=\"89\"><p>4.788,72<\/p><\/td><td width=\"89\"><p>4.654,56<\/p><\/td><td width=\"114\"><p>1.319,00<\/p><\/td><td width=\"105\"><p>3.469,72<\/p><\/td><td width=\"104\"><p>3.335,56<\/p><\/td><\/tr><tr><td width=\"89\"><p>5.324,72<\/p><\/td><td width=\"89\"><p>5.190,56<\/p><\/td><td width=\"114\"><p>1.855,00<\/p><\/td><td width=\"105\"><p>3.469,72<\/p><\/td><td width=\"104\"><p>3.335,56<\/p><\/td><\/tr><tr><td width=\"89\"><p>5.565,64<\/p><\/td><td width=\"89\"><p>5.431,49<\/p><\/td><td width=\"114\"><p>2.096,00<\/p><\/td><td width=\"105\"><p>3.469,64<\/p><\/td><td width=\"104\"><p>3.335,49<\/p><\/td><\/tr><\/tbody><\/table><p>Vollstation\u00e4re Pflege\/Kurzzeitpflege Tages\u00e4tze<\/p><table width=\"493\"><tbody><tr><td><p>Pflegeklasse<\/p><\/td><td><p>Pflegeverg\u00fctung<\/p><\/td><td><p>Ausbildungs-<\/p><p>umlage<\/p><\/td><td><p>Pflegev. plus AU<\/p><\/td><td><p>EEE enth. in Pflegev. plus AU<\/p><\/td><td><p>Entgelt f\u00fcr Unterkunft<\/p><\/td><\/tr><tr><td>\u00a0<\/td><td><p>EUR<\/p><\/td><td><p>EUR<\/p><\/td><td><p>EUR<\/p><\/td><td><p>EUR<\/p><\/td><td><p>EUR<\/p><\/td><\/tr><tr><td><p>\u00a0PG 1<\/p><\/td><td><p>68,77<\/p><\/td><td><p>5,40<\/p><\/td><td><p>74,17<\/p><\/td><td><p>58,07<\/p><\/td><td><p>20,55<\/p><\/td><\/tr><tr><td><p>PG 2<\/p><\/td><td><p>84,53<\/p><\/td><td><p>5,40<\/p><\/td><td><p>89,93<\/p><\/td><td><p>58,07<\/p><\/td><td><p>20,55<\/p><\/td><\/tr><tr><td><p>PG 3<\/p><\/td><td><p>101,43<\/p><\/td><td><p>5,40<\/p><\/td><td><p>106,83<\/p><\/td><td><p>58,07<\/p><\/td><td><p>20,55<\/p><\/td><\/tr><tr><td><p>PG 4<\/p><\/td><td><p>119,05<\/p><\/td><td><p>5,40<\/p><\/td><td><p>124,45<\/p><\/td><td><p>58,07<\/p><\/td><td><p>20,55<\/p><\/td><\/tr><tr><td><p>PG 5<\/p><\/td><td><p>126,97<\/p><\/td><td><p>5,40<\/p><\/td><td><p>132,37<\/p><\/td><td><p>58,07<\/p><\/td><td><p>20,55<\/p><\/td><\/tr><\/tbody><\/table><table width=\"442\"><tbody><tr><td><p>Entgelt f\u00fcr Verpflegung<\/p><\/td><td><p>Investitions-<\/p><p>kostenanteil<\/p><p>EZ<\/p><\/td><td><p>Investitions-<\/p><p>kostenanteil<\/p><p>DZ<\/p><\/td><td><p>Heimentgelt<\/p><p>Gesamt EZ<\/p><\/td><td><p>Heimentgelt<\/p><p>Gesamt DZ<\/p><\/td><\/tr><tr><td><p>EUR<\/p><\/td><td><p>EUR<\/p><\/td><td><p>EUR<\/p><\/td><td><p>EUR<\/p><\/td><td><p>EUR<\/p><\/td><\/tr><tr><td><p>16,82<\/p><\/td><td><p>13,22<\/p><\/td><td><p>8,81<\/p><\/td><td><p>124,76<\/p><\/td><td><p>120,35<\/p><\/td><\/tr><tr><td><p>16,82<\/p><\/td><td><p>13,22<\/p><\/td><td><p>8,81<\/p><\/td><td><p>140,52<\/p><\/td><td><p>136,11<\/p><\/td><\/tr><tr><td><p>16,82<\/p><\/td><td><p>13,22<\/p><\/td><td><p>8,81<\/p><\/td><td><p>157,42<\/p><\/td><td><p>153,01<\/p><\/td><\/tr><tr><td><p>16,82<\/p><\/td><td><p>13,22<\/p><\/td><td><p>8,81<\/p><\/td><td><p>175,04<\/p><\/td><td><p>170,63<\/p><\/td><\/tr><tr><td><p>16,82<\/p><\/td><td><p>13,22<\/p><\/td><td><p>8,81<\/p><\/td><td><p>182,96<\/p><\/td><td><p>\u00a0178,55<\/p><\/td><\/tr><\/tbody><\/table><p>Die o.g. Preise\/Eigenanteil sind ohne die Ber\u00fccksichtigung der Leistungen der Pflegekasse &#8211; \u00a743 c -welche seit dem 01.01.2022 ber\u00fccksichtigt werden.<\/p><p>Diese sind davon abh\u00e4ngig, ob der BW schon vor dem Einzug bei uns, in einem anderen Pflegeheim zur vollstation\u00e4ren Pflege war.<\/p><p>Stand: 01.04.2026\/BL<\/p>\t\t\t\t\t\t\t\t<\/div>\n\t\t\t\t<\/div>\n\t\t\t\t<div class=\"elementor-element elementor-element-2f6f324 elementor-widget elementor-widget-button\" data-id=\"2f6f324\" data-element_type=\"widget\" data-widget_type=\"button.default\">\n\t\t\t\t<div class=\"elementor-widget-container\">\n\t\t\t\t\t\t\t\t\t<div class=\"elementor-button-wrapper\">\n\t\t\t\t\t<a class=\"elementor-button elementor-button-link elementor-size-sm\" href=\"https:\/\/august-kayser-stiftung.de\/wp-content\/uploads\/2026\/04\/Preise-ab-01.04.2026.pdf\" target=\"_blank\">\n\t\t\t\t\t\t<span class=\"elementor-button-content-wrapper\">\n\t\t\t\t\t\t\t\t\t<span class=\"elementor-button-text\">Download<\/span>\n\t\t\t\t\t<\/span>\n\t\t\t\t\t<\/a>\n\t\t\t\t<\/div>\n\t\t\t\t\t\t\t\t<\/div>\n\t\t\t\t<\/div>\n\t\t\t\t<div class=\"elementor-element elementor-element-10e309d elementor-widget-divider--view-line elementor-widget elementor-widget-divider\" data-id=\"10e309d\" data-element_type=\"widget\" data-widget_type=\"divider.default\">\n\t\t\t\t<div class=\"elementor-widget-container\">\n\t\t\t\t\t\t\t<div class=\"elementor-divider\">\n\t\t\t<span class=\"elementor-divider-separator\">\n\t\t\t\t\t\t<\/span>\n\t\t<\/div>\n\t\t\t\t\t\t<\/div>\n\t\t\t\t<\/div>\n\t\t\t\t<div class=\"elementor-element elementor-element-9ae5799 elementor-widget elementor-widget-heading\" data-id=\"9ae5799\" data-element_type=\"widget\" data-widget_type=\"heading.default\">\n\t\t\t\t<div class=\"elementor-widget-container\">\n\t\t\t\t\t<h2 class=\"elementor-heading-title elementor-size-default\">Konzept Ehrenamtliches Engagement<\/h2>\t\t\t\t<\/div>\n\t\t\t\t<\/div>\n\t\t\t\t<div class=\"elementor-element elementor-element-407e452 elementor-widget elementor-widget-button\" data-id=\"407e452\" data-element_type=\"widget\" data-widget_type=\"button.default\">\n\t\t\t\t<div class=\"elementor-widget-container\">\n\t\t\t\t\t\t\t\t\t<div class=\"elementor-button-wrapper\">\n\t\t\t\t\t<a class=\"elementor-button elementor-button-link elementor-size-sm\" href=\"https:\/\/august-kayser-stiftung.de\/wp-content\/uploads\/2024\/10\/konzept-ehrenamt-04-10.zip\">\n\t\t\t\t\t\t<span class=\"elementor-button-content-wrapper\">\n\t\t\t\t\t\t\t\t\t<span class=\"elementor-button-text\">Download<\/span>\n\t\t\t\t\t<\/span>\n\t\t\t\t\t<\/a>\n\t\t\t\t<\/div>\n\t\t\t\t\t\t\t\t<\/div>\n\t\t\t\t<\/div>\n\t\t\t\t\t<\/div>\n\t\t\t\t<\/div>\n\t\t\t\t<\/div>\n\t\t","protected":false},"excerpt":{"rendered":"<p>Downloads Preise Neue Entgeltbestandteile des Pflegesatzes ab 01.04.2026 Vollstation\u00e4re Pflege Monatss\u00e4tze bei 30,42 Tagen Pflegeklasse Pflegeverg\u00fctung Ausbildungs-umlage Pflegev. plus AU EEE enth. in Pflegev. plus AU \u00a0 EUR EUR EUR EUR PG 1 2.091,98 164,27 2.256,25 1.766,49 PG 2 2.571,40 164,27 2.735,67 1.766,49 PG 3 3.085,50 164,27 3.249,77 1.766,49 PG 4 3.621,50 164,27 3.785,77 1.766,49 [&hellip;]<\/p>\n","protected":false},"author":4,"featured_media":0,"parent":0,"menu_order":0,"comment_status":"closed","ping_status":"closed","template":"elementor_header_footer","meta":{"ocean_post_layout":"","ocean_both_sidebars_style":"","ocean_both_sidebars_content_width":0,"ocean_both_sidebars_sidebars_width":0,"ocean_sidebar":"","ocean_second_sidebar":"","ocean_disable_margins":"enable","ocean_add_body_class":"","ocean_shortcode_before_top_bar":"","ocean_shortcode_after_top_bar":"","ocean_shortcode_before_header":"","ocean_shortcode_after_header":"","ocean_has_shortcode":"","ocean_shortcode_after_title":"","ocean_shortcode_before_footer_widgets":"","ocean_shortcode_after_footer_widgets":"","ocean_shortcode_before_footer_bottom":"","ocean_shortcode_after_footer_bottom":"","ocean_display_top_bar":"default","ocean_display_header":"default","ocean_header_style":"","ocean_center_header_left_menu":"","ocean_custom_header_template":"","ocean_custom_logo":0,"ocean_custom_retina_logo":0,"ocean_custom_logo_max_width":0,"ocean_custom_logo_tablet_max_width":0,"ocean_custom_logo_mobile_max_width":0,"ocean_custom_logo_max_height":0,"ocean_custom_logo_tablet_max_height":0,"ocean_custom_logo_mobile_max_height":0,"ocean_header_custom_menu":"","ocean_menu_typo_font_family":"","ocean_menu_typo_font_subset":"","ocean_menu_typo_font_size":0,"ocean_menu_typo_font_size_tablet":0,"ocean_menu_typo_font_size_mobile":0,"ocean_menu_typo_font_size_unit":"px","ocean_menu_typo_font_weight":"","ocean_menu_typo_font_weight_tablet":"","ocean_menu_typo_font_weight_mobile":"","ocean_menu_typo_transform":"","ocean_menu_typo_transform_tablet":"","ocean_menu_typo_transform_mobile":"","ocean_menu_typo_line_height":0,"ocean_menu_typo_line_height_tablet":0,"ocean_menu_typo_line_height_mobile":0,"ocean_menu_typo_line_height_unit":"","ocean_menu_typo_spacing":0,"ocean_menu_typo_spacing_tablet":0,"ocean_menu_typo_spacing_mobile":0,"ocean_menu_typo_spacing_unit":"","ocean_menu_link_color":"","ocean_menu_link_color_hover":"","ocean_menu_link_color_active":"","ocean_menu_link_background":"","ocean_menu_link_hover_background":"","ocean_menu_link_active_background":"","ocean_menu_social_links_bg":"","ocean_menu_social_hover_links_bg":"","ocean_menu_social_links_color":"","ocean_menu_social_hover_links_color":"","ocean_disable_title":"default","ocean_disable_heading":"default","ocean_post_title":"","ocean_post_subheading":"","ocean_post_title_style":"","ocean_post_title_background_color":"","ocean_post_title_background":0,"ocean_post_title_bg_image_position":"","ocean_post_title_bg_image_attachment":"","ocean_post_title_bg_image_repeat":"","ocean_post_title_bg_image_size":"","ocean_post_title_height":0,"ocean_post_title_bg_overlay":0.5,"ocean_post_title_bg_overlay_color":"","ocean_disable_breadcrumbs":"default","ocean_breadcrumbs_color":"","ocean_breadcrumbs_separator_color":"","ocean_breadcrumbs_links_color":"","ocean_breadcrumbs_links_hover_color":"","ocean_display_footer_widgets":"default","ocean_display_footer_bottom":"default","ocean_custom_footer_template":"","footnotes":""},"class_list":["post-1845","page","type-page","status-publish","hentry","entry"],"_links":{"self":[{"href":"https:\/\/august-kayser-stiftung.de\/index.php\/wp-json\/wp\/v2\/pages\/1845","targetHints":{"allow":["GET"]}}],"collection":[{"href":"https:\/\/august-kayser-stiftung.de\/index.php\/wp-json\/wp\/v2\/pages"}],"about":[{"href":"https:\/\/august-kayser-stiftung.de\/index.php\/wp-json\/wp\/v2\/types\/page"}],"author":[{"embeddable":true,"href":"https:\/\/august-kayser-stiftung.de\/index.php\/wp-json\/wp\/v2\/users\/4"}],"replies":[{"embeddable":true,"href":"https:\/\/august-kayser-stiftung.de\/index.php\/wp-json\/wp\/v2\/comments?post=1845"}],"version-history":[{"count":44,"href":"https:\/\/august-kayser-stiftung.de\/index.php\/wp-json\/wp\/v2\/pages\/1845\/revisions"}],"predecessor-version":[{"id":2136,"href":"https:\/\/august-kayser-stiftung.de\/index.php\/wp-json\/wp\/v2\/pages\/1845\/revisions\/2136"}],"wp:attachment":[{"href":"https:\/\/august-kayser-stiftung.de\/index.php\/wp-json\/wp\/v2\/media?parent=1845"}],"curies":[{"name":"wp","href":"https:\/\/api.w.org\/{rel}","templated":true}]}}